{"id":4404,"date":"2021-01-27T10:30:44","date_gmt":"2021-01-27T10:30:44","guid":{"rendered":"https:\/\/www.cerealveneta.it\/produit-avec-des-farines-de-legumineuses\/"},"modified":"2021-01-27T10:30:45","modified_gmt":"2021-01-27T10:30:45","slug":"produit-avec-des-farines-de-legumineuses","status":"publish","type":"page","link":"https:\/\/cerealveneta.it\/fr\/produit-avec-des-farines-de-legumineuses\/","title":{"rendered":"Produit avec des farines de l\u00e9gumineuses"},"content":{"rendered":"<section class=\"l-section wpb_row height_medium\"><div class=\"l-section-h i-cf\"><div class=\"g-cols vc_row via_flex valign_top type_default stacking_default\"><div class=\"vc_col-sm-12 wpb_column vc_column_container\"><div class=\"vc_column-inner\"><div class=\"wpb_wrapper\"><div class=\"wpb_text_column\"><div class=\"wpb_wrapper\"><h1>Peut-on utiliser des <span style=\"color: #ff9900;\"><strong>farines de l\u00e9gumes<\/strong><\/span> secs en r\u00e9duisant l&rsquo;amertume dans le produit fini?<\/h1>\n<\/div><\/div><div class=\"g-cols wpb_row via_flex valign_top type_default stacking_default\"><div class=\"vc_col-sm-8 wpb_column vc_column_container\"><div class=\"vc_column-inner\"><div class=\"wpb_wrapper\"><div class=\"wpb_text_column\"><div class=\"wpb_wrapper\"><p>Les l\u00e9gumineuses sont la principale mati\u00e8re premi\u00e8re capables de remplacer les prot\u00e9ines d&rsquo;origine animale car elles se composent d&rsquo;une teneur tr\u00e8s \u00e9lev\u00e9e en prot\u00e9ines par rapport aux c\u00e9r\u00e9ales communes, et en variant les diff\u00e9rentes mati\u00e8res premi\u00e8res, il est possible de r\u00e9pondre \u00e0 une faible valeur biologique de de ces produits d&rsquo;origine v\u00e9g\u00e9tale.<br \/>\nElles poss\u00e8dent par ailleurs une faible charge et un index glyc\u00e9mique permettant au consommateur d&rsquo;avoir un faible impact sur la courbe glyc\u00e9mique apr\u00e8s sa consommation.<br \/>\nLe facteur critique qui habituellement en limite la consommation est l&rsquo;acceptabilit\u00e9 sensorielle du consommateur.<\/p>\n<p>Les produits semi-finis \u00e0 base de l\u00e9gumineuses de <strong>CerealVeneta<\/strong> pr\u00e9sentent, \u00e0 travers la r\u00e9action de Maillard, des mol\u00e9cules aromatiques cachant l&rsquo;ar\u00f4me herbac\u00e9e et augmentent l&rsquo;acceptabilit\u00e9 des consommateurs.<\/p>\n<\/div><\/div><\/div><\/div><\/div><div class=\"vc_col-sm-4 wpb_column vc_column_container\"><div class=\"vc_column-inner\"><div class=\"wpb_wrapper\"><div class=\"w-image align_none\"><div class=\"w-image-h\"><img width=\"1200\" height=\"899\" src=\"https:\/\/cerealveneta.it\/wp-content\/uploads\/2020\/11\/legumi.jpg\" class=\"attachment-full size-full\" alt=\"\" loading=\"lazy\" srcset=\"https:\/\/cerealveneta.it\/wp-content\/uploads\/2020\/11\/legumi.jpg 1200w, https:\/\/cerealveneta.it\/wp-content\/uploads\/2020\/11\/legumi-300x225.jpg 300w, https:\/\/cerealveneta.it\/wp-content\/uploads\/2020\/11\/legumi-1024x767.jpg 1024w\" sizes=\"(max-width: 1200px) 100vw, 1200px\" \/><\/div><\/div><\/div><\/div><\/div><\/div><\/div><\/div><\/div><\/div><\/div><\/section><section class=\"l-section wpb_row height_medium\"><div class=\"l-section-h i-cf\"><div class=\"g-cols vc_row via_flex valign_top type_default stacking_default\"><div class=\"vc_col-sm-12 wpb_column vc_column_container\"><div class=\"vc_column-inner\"><div class=\"wpb_wrapper\"><div class=\"wpb_text_column\"><div class=\"wpb_wrapper\"><h4>Quelques solutions pour vos besoins<\/h4>\n<\/div><\/div><div class=\"w-grid type_grid layout_2592 cols_4 overflow_hidden\" id=\"color-shade\"><style>#color-shade .w-grid-item{padding:1.5rem}#color-shade .w-grid-list{margin:-1.5rem}.w-grid + #color-shade .w-grid-list,.w-grid-none + #color-shade .w-grid-list{margin-top:1.5rem}@media (max-width:1199px){#color-shade .w-grid-item{width:33.3333%}}@media (max-width:899px){#color-shade .w-grid-item{width:50%}}@media (max-width:599px){#color-shade .w-grid-list{margin:0}#color-shade .w-grid-item{width:100%;padding:0;margin-bottom:1.5rem}}.layout_2592 .w-grid-item-h{background:#fff;color:#333;border-radius:0.3rem;box-shadow:0 0.03rem 0.06rem rgba(0,0,0,0.1),0 0.1rem 0.3rem rgba(0,0,0,0.1);transition-duration:0.3s}.no-touch .layout_2592 .w-grid-item-h:hover{box-shadow:0 0.1rem 0.2rem rgba(0,0,0,0.1),0 0.33rem 1rem rgba(0,0,0,0.15);z-index:4}.layout_2592 .usg_post_title_1{font-weight:700!important;font-size:19.2px!important;line-height:1.2!important;padding:15px 10px 15px 10px!important}<\/style><div class=\"w-grid-list\">\t<article class=\"w-grid-item size_1x1 post-5460 semilavorati type-semilavorati status-publish has-post-thumbnail hentry category-complete category-les-legumineuses category-ceci-fr category-torrefaction\" data-id=\"5460\">\r\n\t\t<div class=\"w-grid-item-h\">\r\n\t\t\t\t\t\t<div class=\"w-post-elm post_image usg_post_image_1 has_ratio\"><div style=\"padding-bottom:75%\"><\/div><a href=\"https:\/\/cerealveneta.it\/fr\/semi-finis\/farine-complete-de-pois-chiches-toastes\/\" aria-label=\"Farine compl\u00e8te de pois-chiches toast\u00e9s\"><img width=\"600\" height=\"400\" src=\"https:\/\/cerealveneta.it\/wp-content\/uploads\/2023\/03\/Farina-Ceci-Integrali_sq-600x400.jpg\" class=\"attachment-us_600_400_crop size-us_600_400_crop wp-post-image\" alt=\"\" loading=\"lazy\" \/><\/a><\/div><div class=\"w-vwrapper usg_vwrapper_1 align_left valign_top\"><h2 class=\"w-post-elm post_title usg_post_title_1 entry-title color_link_inherit\"><a href=\"https:\/\/cerealveneta.it\/fr\/semi-finis\/farine-complete-de-pois-chiches-toastes\/\">Farine compl\u00e8te de pois-chiches toast\u00e9s<\/a><\/h2><\/div>\t\t<\/div>\r\n\t<\/article>\r\n<\/div><div class=\"w-grid-preloader\"><div class=\"g-preloader type_1\">\r\n\t<div><\/div>\r\n<\/div>\r\n<\/div>\t<div class=\"w-grid-json hidden\" onclick='return {&quot;action&quot;:&quot;us_ajax_grid&quot;,&quot;ajax_url&quot;:&quot;https:\\\/\\\/cerealveneta.it\\\/wp-admin\\\/admin-ajax.php&quot;,&quot;infinite_scroll&quot;:0,&quot;max_num_pages&quot;:1,&quot;pagination&quot;:&quot;none&quot;,&quot;permalink_url&quot;:&quot;https:\\\/\\\/cerealveneta.it\\\/fr\\\/wp-json\\\/wp\\\/v2\\\/pages\\\/4404\\\/&quot;,&quot;template_vars&quot;:{&quot;columns&quot;:&quot;4&quot;,&quot;exclude_items&quot;:&quot;none&quot;,&quot;img_size&quot;:&quot;default&quot;,&quot;ignore_items_size&quot;:0,&quot;items_layout&quot;:&quot;2592&quot;,&quot;items_offset&quot;:&quot;1&quot;,&quot;load_animation&quot;:&quot;none&quot;,&quot;overriding_link&quot;:&quot;none&quot;,&quot;post_id&quot;:4404,&quot;query_args&quot;:{&quot;ignore_sticky_posts&quot;:1,&quot;post_type&quot;:&quot;any&quot;,&quot;post__in&quot;:[&quot;3081&quot;,&quot;3088&quot;,&quot;3613&quot;],&quot;posts_per_page&quot;:&quot;10&quot;},&quot;orderby_query_args&quot;:{&quot;orderby&quot;:{&quot;title&quot;:&quot;ASC&quot;},&quot;order&quot;:&quot;ASC&quot;},&quot;type&quot;:&quot;grid&quot;,&quot;us_grid_ajax_index&quot;:1,&quot;us_grid_filter_params&quot;:null,&quot;us_grid_index&quot;:1,&quot;_us_grid_post_type&quot;:&quot;ids&quot;,&quot;lang&quot;:&quot;fr&quot;}}'><\/div>\r\n\t<\/div><div class=\"w-separator size_medium\"><\/div><section class=\"l-section wpb_row height_small\"><div class=\"l-section-overlay\" style=\"background:#f5f5f5\"><\/div><div class=\"l-section-h i-cf\"><div class=\"g-cols vc_row via_flex valign_middle type_default stacking_default\"><div class=\"vc_col-sm-8 wpb_column vc_column_container\"><div class=\"vc_column-inner\"><div class=\"wpb_wrapper\"><div class=\"wpb_text_column\"><div class=\"wpb_wrapper\"><h4>Mettez-vous en contact avec nos techniciens pour \u00e9valuer d&rsquo; autres solutions pour Farine compl\u00e8te de pois-chiches toast\u00e9s<\/h4>\n<\/div><\/div><\/div><\/div><\/div><div class=\"vc_col-sm-4 wpb_column vc_column_container\"><div class=\"vc_column-inner\"><div class=\"wpb_wrapper\"><div class=\"w-btn-wrapper align_center\"><a class=\"w-btn us-btn-style_1\" title=\"Contact\" href=\"https:\/\/cerealveneta.it\/fr\/contact\/\"><span class=\"w-btn-label\">CONTACTEZ-NOUS<\/span><\/a><\/div><\/div><\/div><\/div><\/div><\/div><\/section>\n<\/div><\/div><\/div><\/div><\/div><\/section><section class=\"l-section wpb_row height_medium\"><div class=\"l-section-h i-cf\"><div class=\"g-cols vc_row via_flex valign_top type_default stacking_default\"><div class=\"vc_col-sm-12 wpb_column vc_column_container\"><div class=\"vc_column-inner\"><div class=\"wpb_wrapper\"><div class=\"wpb_text_column\"><div class=\"wpb_wrapper\"><h4>Contenus d&rsquo;approfondiment<\/h4>\n<\/div><\/div><div class=\"w-grid type_grid layout_2592 cols_4 overflow_hidden\" id=\"color-shade\"><style>#color-shade .w-grid-item{padding:1.5rem}#color-shade .w-grid-list{margin:-1.5rem}.w-grid + #color-shade .w-grid-list,.w-grid-none + #color-shade .w-grid-list{margin-top:1.5rem}@media (max-width:1199px){#color-shade .w-grid-item{width:33.3333%}}@media (max-width:899px){#color-shade .w-grid-item{width:50%}}@media (max-width:599px){#color-shade .w-grid-list{margin:0}#color-shade .w-grid-item{width:100%;padding:0;margin-bottom:1.5rem}}<\/style><div class=\"w-grid-list\">\t<article class=\"w-grid-item size_1x1 post-5573 post type-post status-publish format-standard has-post-thumbnail hentry category-nouvelles\" data-id=\"5573\">\r\n\t\t<div class=\"w-grid-item-h\">\r\n\t\t\t\t\t\t<div class=\"w-post-elm post_image usg_post_image_1 has_ratio\"><div style=\"padding-bottom:75%\"><\/div><a href=\"https:\/\/cerealveneta.it\/fr\/pulses-gritz\/\" aria-label=\"Grits de l\u00e9gumineuses\"><img width=\"600\" height=\"338\" src=\"https:\/\/cerealveneta.it\/wp-content\/uploads\/2020\/02\/mix-gritz-e-mp.jpg\" class=\"attachment-us_600_400_crop size-us_600_400_crop wp-post-image\" alt=\"\" loading=\"lazy\" srcset=\"https:\/\/cerealveneta.it\/wp-content\/uploads\/2020\/02\/mix-gritz-e-mp.jpg 1280w, https:\/\/cerealveneta.it\/wp-content\/uploads\/2020\/02\/mix-gritz-e-mp-300x169.jpg 300w, https:\/\/cerealveneta.it\/wp-content\/uploads\/2020\/02\/mix-gritz-e-mp-1024x576.jpg 1024w\" sizes=\"(max-width: 600px) 100vw, 600px\" \/><\/a><\/div><div class=\"w-vwrapper usg_vwrapper_1 align_left valign_top\"><h2 class=\"w-post-elm post_title usg_post_title_1 entry-title color_link_inherit\"><a href=\"https:\/\/cerealveneta.it\/fr\/pulses-gritz\/\">Grits de l\u00e9gumineuses<\/a><\/h2><\/div>\t\t<\/div>\r\n\t<\/article>\r\n<\/div><div class=\"w-grid-preloader\"><div class=\"g-preloader type_1\">\r\n\t<div><\/div>\r\n<\/div>\r\n<\/div>\t<div class=\"w-grid-json hidden\" onclick='return {&quot;action&quot;:&quot;us_ajax_grid&quot;,&quot;ajax_url&quot;:&quot;https:\\\/\\\/cerealveneta.it\\\/wp-admin\\\/admin-ajax.php&quot;,&quot;infinite_scroll&quot;:0,&quot;max_num_pages&quot;:1,&quot;pagination&quot;:&quot;none&quot;,&quot;permalink_url&quot;:&quot;https:\\\/\\\/cerealveneta.it\\\/fr\\\/wp-json\\\/wp\\\/v2\\\/pages\\\/4404\\\/&quot;,&quot;template_vars&quot;:{&quot;columns&quot;:&quot;4&quot;,&quot;exclude_items&quot;:&quot;none&quot;,&quot;img_size&quot;:&quot;default&quot;,&quot;ignore_items_size&quot;:0,&quot;items_layout&quot;:&quot;2592&quot;,&quot;items_offset&quot;:&quot;1&quot;,&quot;load_animation&quot;:&quot;none&quot;,&quot;overriding_link&quot;:&quot;none&quot;,&quot;post_id&quot;:5460,&quot;query_args&quot;:{&quot;ignore_sticky_posts&quot;:1,&quot;post_type&quot;:&quot;any&quot;,&quot;post__in&quot;:[&quot;1746&quot;],&quot;posts_per_page&quot;:&quot;10&quot;},&quot;orderby_query_args&quot;:{&quot;orderby&quot;:{&quot;title&quot;:&quot;ASC&quot;},&quot;order&quot;:&quot;ASC&quot;},&quot;type&quot;:&quot;grid&quot;,&quot;us_grid_ajax_index&quot;:1,&quot;us_grid_filter_params&quot;:null,&quot;us_grid_index&quot;:2,&quot;_us_grid_post_type&quot;:&quot;ids&quot;,&quot;lang&quot;:&quot;fr&quot;}}'><\/div>\r\n\t<\/div><\/div><\/div><\/div><\/div><\/div><\/section>\n","protected":false},"excerpt":{"rendered":"CerealVeneta propose des grits (granul\u00e9s) provenant du traitement de l\u00e9gumineuses telles que les lentilles, les pois chiches, les pois, les haricots En partant du traitement de diff\u00e9rents types de l\u00e9gumineuses, que celles-ci soient biologiques ou conventionnelles, l'entreprise propose des grits (granul\u00e9s) de l\u00e9gumineuses d\u00e9cortiqu\u00e9es : Natives ou trait\u00e9es thermiquement (pour am\u00e9liorer la conservation et pour...","protected":false},"author":1,"featured_media":3393,"parent":0,"menu_order":0,"comment_status":"closed","ping_status":"closed","template":"","meta":[],"_links":{"self":[{"href":"https:\/\/cerealveneta.it\/fr\/wp-json\/wp\/v2\/pages\/4404"}],"collection":[{"href":"https:\/\/cerealveneta.it\/fr\/wp-json\/wp\/v2\/pages"}],"about":[{"href":"https:\/\/cerealveneta.it\/fr\/wp-json\/wp\/v2\/types\/page"}],"author":[{"embeddable":true,"href":"https:\/\/cerealveneta.it\/fr\/wp-json\/wp\/v2\/users\/1"}],"replies":[{"embeddable":true,"href":"https:\/\/cerealveneta.it\/fr\/wp-json\/wp\/v2\/comments?post=4404"}],"version-history":[{"count":1,"href":"https:\/\/cerealveneta.it\/fr\/wp-json\/wp\/v2\/pages\/4404\/revisions"}],"predecessor-version":[{"id":4405,"href":"https:\/\/cerealveneta.it\/fr\/wp-json\/wp\/v2\/pages\/4404\/revisions\/4405"}],"wp:featuredmedia":[{"embeddable":true,"href":"https:\/\/cerealveneta.it\/fr\/wp-json\/wp\/v2\/media\/3393"}],"wp:attachment":[{"href":"https:\/\/cerealveneta.it\/fr\/wp-json\/wp\/v2\/media?parent=4404"}],"curies":[{"name":"wp","href":"https:\/\/api.w.org\/{rel}","templated":true}]}}

Produit avec des farines de légumineuses

<section class="l-section wpb_row height_medium"><div class="l-section-h i-cf"><div class="g-cols vc_row via_flex valign_top type_default stacking_default"><div class="vc_col-sm-12 wpb_column vc_column_container"><div class="vc_column-inner"><div class="wpb_wrapper"><div class="wpb_text_column"><div class="wpb_wrapper"><h1>Peut-on utiliser des <span style="color: #ff9900;"><strong>farines de légumes</strong></span> secs en réduisant l&rsquo;amertume dans le produit fini?</h1>
</div></div><div class="g-cols wpb_row via_flex valign_top type_default stacking_default"><div class="vc_col-sm-8 wpb_column vc_column_container"><div class="vc_column-inner"><div class="wpb_wrapper"><div class="wpb_text_column"><div class="wpb_wrapper"><p>Les légumineuses sont la principale matière première capables de remplacer les protéines d&rsquo;origine animale car elles se composent d&rsquo;une teneur très élevée en protéines par rapport aux céréales communes, et en variant les différentes matières premières, il est possible de répondre à une faible valeur biologique de de ces produits d&rsquo;origine végétale.<br />
Elles possèdent par ailleurs une faible charge et un index glycémique permettant au consommateur d&rsquo;avoir un faible impact sur la courbe glycémique après sa consommation.<br />
Le facteur critique qui habituellement en limite la consommation est l&rsquo;acceptabilité sensorielle du consommateur.</p>
<p>Les produits semi-finis à base de légumineuses de <strong>CerealVeneta</strong> présentent, à travers la réaction de Maillard, des molécules aromatiques cachant l&rsquo;arôme herbacée et augmentent l&rsquo;acceptabilité des consommateurs.</p>
</div></div></div></div></div><div class="vc_col-sm-4 wpb_column vc_column_container"><div class="vc_column-inner"><div class="wpb_wrapper"><div class="w-image align_none"><div class="w-image-h"><img width="1200" height="899" src="https://cerealveneta.it/wp-content/uploads/2020/11/legumi.jpg" class="attachment-full size-full" alt="" loading="lazy" srcset="https://cerealveneta.it/wp-content/uploads/2020/11/legumi.jpg 1200w, https://cerealveneta.it/wp-content/uploads/2020/11/legumi-300x225.jpg 300w, https://cerealveneta.it/wp-content/uploads/2020/11/legumi-1024x767.jpg 1024w" sizes="(max-width: 1200px) 100vw, 1200px" /></div></div></div></div></div></div></div></div></div></div></div></section><section class="l-section wpb_row height_medium"><div class="l-section-h i-cf"><div class="g-cols vc_row via_flex valign_top type_default stacking_default"><div class="vc_col-sm-12 wpb_column vc_column_container"><div class="vc_column-inner"><div class="wpb_wrapper"><div class="wpb_text_column"><div class="wpb_wrapper"><h4>Quelques solutions pour vos besoins</h4>
</div></div><div class="w-grid type_grid layout_2592 cols_4 overflow_hidden" id="color-shade"><style>#color-shade .w-grid-item{padding:1.5rem}#color-shade .w-grid-list{margin:-1.5rem}.w-grid + #color-shade .w-grid-list,.w-grid-none + #color-shade .w-grid-list{margin-top:1.5rem}@media (max-width:1199px){#color-shade .w-grid-item{width:33.3333%}}@media (max-width:899px){#color-shade .w-grid-item{width:50%}}@media (max-width:599px){#color-shade .w-grid-list{margin:0}#color-shade .w-grid-item{width:100%;padding:0;margin-bottom:1.5rem}}.layout_2592 .w-grid-item-h{background:#fff;color:#333;border-radius:0.3rem;box-shadow:0 0.03rem 0.06rem rgba(0,0,0,0.1),0 0.1rem 0.3rem rgba(0,0,0,0.1);transition-duration:0.3s}.no-touch .layout_2592 .w-grid-item-h:hover{box-shadow:0 0.1rem 0.2rem rgba(0,0,0,0.1),0 0.33rem 1rem rgba(0,0,0,0.15);z-index:4}.layout_2592 .usg_post_title_1{font-weight:700!important;font-size:19.2px!important;line-height:1.2!important;padding:15px 10px 15px 10px!important}</style><div class="w-grid-list">	<article class="w-grid-item size_1x1 post-5460 semilavorati type-semilavorati status-publish has-post-thumbnail hentry category-complete category-les-legumineuses category-ceci-fr category-torrefaction" data-id="5460">
		<div class="w-grid-item-h">
						<div class="w-post-elm post_image usg_post_image_1 has_ratio"><div style="padding-bottom:75%"></div><a href="https://cerealveneta.it/fr/semi-finis/farine-complete-de-pois-chiches-toastes/" aria-label="Farine complète de pois-chiches toastés"><img width="600" height="400" src="https://cerealveneta.it/wp-content/uploads/2023/03/Farina-Ceci-Integrali_sq-600x400.jpg" class="attachment-us_600_400_crop size-us_600_400_crop wp-post-image" alt="" loading="lazy" /></a></div><div class="w-vwrapper usg_vwrapper_1 align_left valign_top"><h2 class="w-post-elm post_title usg_post_title_1 entry-title color_link_inherit"><a href="https://cerealveneta.it/fr/semi-finis/farine-complete-de-pois-chiches-toastes/">Farine complète de pois-chiches toastés</a></h2></div>		</div>
	</article>
</div><div class="w-grid-preloader"><div class="g-preloader type_1">
	<div></div>
</div>
</div>	<div class="w-grid-json hidden" onclick='return {&quot;action&quot;:&quot;us_ajax_grid&quot;,&quot;ajax_url&quot;:&quot;https:\/\/cerealveneta.it\/wp-admin\/admin-ajax.php&quot;,&quot;infinite_scroll&quot;:0,&quot;max_num_pages&quot;:1,&quot;pagination&quot;:&quot;none&quot;,&quot;permalink_url&quot;:&quot;https:\/\/cerealveneta.it\/fr\/wp-json\/wp\/v2\/pages\/4404\/&quot;,&quot;template_vars&quot;:{&quot;columns&quot;:&quot;4&quot;,&quot;exclude_items&quot;:&quot;none&quot;,&quot;img_size&quot;:&quot;default&quot;,&quot;ignore_items_size&quot;:0,&quot;items_layout&quot;:&quot;2592&quot;,&quot;items_offset&quot;:&quot;1&quot;,&quot;load_animation&quot;:&quot;none&quot;,&quot;overriding_link&quot;:&quot;none&quot;,&quot;post_id&quot;:4404,&quot;query_args&quot;:{&quot;ignore_sticky_posts&quot;:1,&quot;post_type&quot;:&quot;any&quot;,&quot;post__in&quot;:[&quot;3081&quot;,&quot;3088&quot;,&quot;3613&quot;],&quot;posts_per_page&quot;:&quot;10&quot;},&quot;orderby_query_args&quot;:{&quot;orderby&quot;:{&quot;title&quot;:&quot;ASC&quot;},&quot;order&quot;:&quot;ASC&quot;},&quot;type&quot;:&quot;grid&quot;,&quot;us_grid_ajax_index&quot;:1,&quot;us_grid_filter_params&quot;:null,&quot;us_grid_index&quot;:1,&quot;_us_grid_post_type&quot;:&quot;ids&quot;,&quot;lang&quot;:&quot;fr&quot;}}'></div>
	</div><div class="w-separator size_medium"></div><section class="l-section wpb_row height_small"><div class="l-section-overlay" style="background:#f5f5f5"></div><div class="l-section-h i-cf"><div class="g-cols vc_row via_flex valign_middle type_default stacking_default"><div class="vc_col-sm-8 wpb_column vc_column_container"><div class="vc_column-inner"><div class="wpb_wrapper"><div class="wpb_text_column"><div class="wpb_wrapper"><h4>Mettez-vous en contact avec nos techniciens pour évaluer d&rsquo; autres solutions pour Farine complète de pois-chiches toastés</h4>
</div></div></div></div></div><div class="vc_col-sm-4 wpb_column vc_column_container"><div class="vc_column-inner"><div class="wpb_wrapper"><div class="w-btn-wrapper align_center"><a class="w-btn us-btn-style_1" title="Contact" href="https://cerealveneta.it/fr/contact/"><span class="w-btn-label">CONTACTEZ-NOUS</span></a></div></div></div></div></div></div></section>
</div></div></div></div></div></section><section class="l-section wpb_row height_medium"><div class="l-section-h i-cf"><div class="g-cols vc_row via_flex valign_top type_default stacking_default"><div class="vc_col-sm-12 wpb_column vc_column_container"><div class="vc_column-inner"><div class="wpb_wrapper"><div class="wpb_text_column"><div class="wpb_wrapper"><h4>Contenus d&rsquo;approfondiment</h4>
</div></div><div class="w-grid type_grid layout_2592 cols_4 overflow_hidden" id="color-shade"><style>#color-shade .w-grid-item{padding:1.5rem}#color-shade .w-grid-list{margin:-1.5rem}.w-grid + #color-shade .w-grid-list,.w-grid-none + #color-shade .w-grid-list{margin-top:1.5rem}@media (max-width:1199px){#color-shade .w-grid-item{width:33.3333%}}@media (max-width:899px){#color-shade .w-grid-item{width:50%}}@media (max-width:599px){#color-shade .w-grid-list{margin:0}#color-shade .w-grid-item{width:100%;padding:0;margin-bottom:1.5rem}}</style><div class="w-grid-list">	<article class="w-grid-item size_1x1 post-5573 post type-post status-publish format-standard has-post-thumbnail hentry category-nouvelles" data-id="5573">
		<div class="w-grid-item-h">
						<div class="w-post-elm post_image usg_post_image_1 has_ratio"><div style="padding-bottom:75%"></div><a href="https://cerealveneta.it/fr/pulses-gritz/" aria-label="Grits de légumineuses"><img width="600" height="338" src="https://cerealveneta.it/wp-content/uploads/2020/02/mix-gritz-e-mp.jpg" class="attachment-us_600_400_crop size-us_600_400_crop wp-post-image" alt="" loading="lazy" srcset="https://cerealveneta.it/wp-content/uploads/2020/02/mix-gritz-e-mp.jpg 1280w, https://cerealveneta.it/wp-content/uploads/2020/02/mix-gritz-e-mp-300x169.jpg 300w, https://cerealveneta.it/wp-content/uploads/2020/02/mix-gritz-e-mp-1024x576.jpg 1024w" sizes="(max-width: 600px) 100vw, 600px" /></a></div><div class="w-vwrapper usg_vwrapper_1 align_left valign_top"><h2 class="w-post-elm post_title usg_post_title_1 entry-title color_link_inherit"><a href="https://cerealveneta.it/fr/pulses-gritz/">Grits de légumineuses</a></h2></div>		</div>
	</article>
</div><div class="w-grid-preloader"><div class="g-preloader type_1">
	<div></div>
</div>
</div>	<div class="w-grid-json hidden" onclick='return {&quot;action&quot;:&quot;us_ajax_grid&quot;,&quot;ajax_url&quot;:&quot;https:\/\/cerealveneta.it\/wp-admin\/admin-ajax.php&quot;,&quot;infinite_scroll&quot;:0,&quot;max_num_pages&quot;:1,&quot;pagination&quot;:&quot;none&quot;,&quot;permalink_url&quot;:&quot;https:\/\/cerealveneta.it\/fr\/wp-json\/wp\/v2\/pages\/4404\/&quot;,&quot;template_vars&quot;:{&quot;columns&quot;:&quot;4&quot;,&quot;exclude_items&quot;:&quot;none&quot;,&quot;img_size&quot;:&quot;default&quot;,&quot;ignore_items_size&quot;:0,&quot;items_layout&quot;:&quot;2592&quot;,&quot;items_offset&quot;:&quot;1&quot;,&quot;load_animation&quot;:&quot;none&quot;,&quot;overriding_link&quot;:&quot;none&quot;,&quot;post_id&quot;:5460,&quot;query_args&quot;:{&quot;ignore_sticky_posts&quot;:1,&quot;post_type&quot;:&quot;any&quot;,&quot;post__in&quot;:[&quot;1746&quot;],&quot;posts_per_page&quot;:&quot;10&quot;},&quot;orderby_query_args&quot;:{&quot;orderby&quot;:{&quot;title&quot;:&quot;ASC&quot;},&quot;order&quot;:&quot;ASC&quot;},&quot;type&quot;:&quot;grid&quot;,&quot;us_grid_ajax_index&quot;:1,&quot;us_grid_filter_params&quot;:null,&quot;us_grid_index&quot;:2,&quot;_us_grid_post_type&quot;:&quot;ids&quot;,&quot;lang&quot;:&quot;fr&quot;}}'></div>
	</div></div></div></div></div></div></section>

CerealVeneta propose des grits (granulés) provenant du traitement de légumineuses telles que les lentilles, les pois chiches, les pois, les haricots En partant du traitement de différents types de légumineuses, que celles-ci soient biologiques ou conventionnelles, l'entreprise propose des grits (granulés) de légumineuses décortiquées : Natives ou traitées thermiquement (pour améliorer la conservation et pour...
